= 0. What is the tens digit of y?
7
Let l = -72 + 118. Let b = l - -93. What is the units digit of b?
9
Let n(a) = 99*a + 281. What is the hundreds digit of n(10)?
2
Suppose 5*p - 3*v - 11 = 0, p - 2*v - 8 = -10. Suppose 4*x - 42 = -3*w + 2*w, p*w + 3*x = 142. What is the units digit of w?
4
Let p = 3310 + -439. What is the tens digit of p?
7
Let z(o) = -o**2 + 6*o + 5. Let p be z(5). Suppose 4*q + p = 2*q. Let v(m) = -2*m + 2. What is the units digit of v(q)?
2
Suppose 6*g + 3*p - 228 = 3*g, 2*p - 80 = -g. What is the units digit of g/10*(-10)/(-3)?
4
Suppose 0*v - 19*v = -3610. What is the units digit of v?
0
Let s(l) = 10*l - 6. Let n be s(5). Let i = -23 + n. Suppose -2*m + i = 3*c - 15, 5*m - 90 = 2*c. What is the units digit of m?
8
Suppose -99 = 9*l + 2*l. Suppose f + 36 = 4*f. Let y = l + f. What is the units digit of y?
3
What is the tens digit of ((-80)/(-15) - 6)*-243?
6
Let n be (-10)/5*-2*(1 - -13). Suppose -74 - n = -l. What is the hundreds digit of l?
1
What is the thousands digit of (-5 + 4 - (-410)/6)*15?
1
Suppose 0 = 5*f + 10*f - 4080. What is the units digit of f?
2
Suppose -8 = -7*q + 6. Suppose 0 = -4*g + q*s + 78, 0 = 2*g - 0*g - 5*s - 43. What is the tens digit of g?
1
Let m(b) = 20*b - 2. Let g(w) = -1. Let f(p) = -6*g(p) - m(p). What is the units digit of f(-7)?
8
Suppose -p - x - 128 + 2360 = 0, -5*p + 2*x + 11139 = 0. What is the thousands digit of p?
2
Suppose -31980 = -15*c + 13935. What is the thousands digit of c?
3
Let k(x) = 226*x - 15. What is the hundreds digit of k(1)?
2
Let w = -64 + 33. Let s = -29 - w. Suppose -s*i = 9*q - 4*q - 165, 3*q - 85 = -i. What is the units digit of i?
0
Suppose 0 = 3*g + c - 8325, 0 = -5*g - 3*c + 8548 + 5331. What is the thousands digit of g?
2
Suppose -3 = -3*s, -5*s + 0*s = 4*q - 1441. What is the hundreds digit of q?
3
Suppose -3*u + 5*f = -28, u - 1 - 15 = 3*f. What is the units digit of -1 + u - 62/(-2)?
1
Suppose 305 = -14*a + 20941. What is the units digit of a?
4
Let s be (0/(-2))/(-8 - -9). Suppose q - 16 - 9 = s. What is the units digit of q?
5
Let i(f) = -f**3. Let a be i(0). Suppose a = 7*m - 5*m - 300. What is the tens digit of m?
5
Suppose 6*h = h + 20. Suppose 0 = -3*q - 2 - h. What is the units digit of q - -23 - (-3 + 0)?
4
Let m be ((-156)/(-8))/((-27)/14 + 2). Let j = m + -117. What is the hundreds digit of j?
1
Let f = 11 - 10. Let i be 0 - f - (-16 - -11). Suppose 131 = i*t - 41. What is the units digit of t?
3
Suppose -5*a + 17 = 2*l - l, -4*a = -4*l + 68. Let f = 853 + -845. Let t = l - f. What is the units digit of t?
9
Suppose -2*b + 27 - 21 = 0, -s - 5*b + 270 = 0. What is the hundreds digit of s?
2
Let q(w) = -w**2 + 7*w + 3. Let n be q(6). Let b = 5 + n. Suppose 2*i + 26 = 3*k - 0*i, 2*k + 2*i - b = 0. What is the units digit of k?
8
Let a(q) = -3*q - 11. Suppose 0 = 4*u + 4*z - 36, 5*z - 4 = -3*u + 21. Let m be (-117)/15 + (-2)/u. What is the tens digit of a(m)?
1
Suppose -4*i + 4*m + 1404 = 0, i + m = -3*i + 1424. Suppose -28*b + 33*b = i. What is the tens digit of b?
7
Suppose -48 = -8*o + 4*o. Suppose o = l - 4*l. What is the tens digit of (-6 - 2)/l + 31?
3
Let y be (-22)/3*9/(-6). Let c = 12 + y. What is the units digit of c?
3
Let w(z) = 84*z + 182. What is the hundreds digit of w(9)?
9
Suppose -20*u + 18*u - 845 = -3*m, 0 = -4*m + 2*u + 1128. What is the units digit of m?
3
What is the hundreds digit of ((-6)/4)/(138/(-179768))?
9
What is the tens digit of (-49)/(-98) - (-2 + 14454/(-4))?
1
Let h = 306 + -64. What is the tens digit of ((-35)/10 - -3)/((-1)/h)?
2
Let q(b) = -193*b. Let k be q(-1). Let n = k - 130. What is the units digit of n?
3
Suppose -9*k = 2*s - 6*k - 296, 8 = 4*k. What is the units digit of s?
5
Suppose -3*l = 2*l + 3*r - 18, 8 = l + 5*r. Suppose -4*b + 413 + 10 = l*t, b = -t + 106. Let h = -54 + b. What is the units digit of h?
1
Let y(b) = -4609*b**3 + 1532*b**3 + 3*b + 1538*b**3 - 4*b**2 + 1538*b**3 - 4. Suppose 5*w = -4*t - 10, w - t + 1 = -10. What is the tens digit of y(w)?
5
Let v = -15 + 6. What is the hundreds digit of (-1)/(-3) - 1005/v?
1
Suppose 4*t + 0*t + 4*z = 1012, 4*z - 1265 = -5*t. What is the units digit of t?
3
Suppose 4*d + 20 = 0, -d = 4*b - 38 + 95. Let p = b + 14. What is the units digit of p/(1/(-2)) - -37?
5
Let y = -1 + 8. Let h be 2/(-7) + (-40)/7. What is the tens digit of 332/y - h/(-14)?
4
Suppose 3*s - 2 = 4, -4*g + 10 = 5*s. Suppose 13*q - 4*q = 45. Suppose q = h + 3*b - 4*b, g = 2*h + 3*b - 30. What is the units digit of h?
9
Let b = -37 + 51. Suppose 4*q - b*q = -510. What is the tens digit of q?
5
Suppose 4*t - 980 - 232 = 0. What is the units digit of t?
3
Let b = -9 - -121. Let s = b - -52. What is the units digit of s?
4
Suppose 21*r = 24*r - 375. Let y = r - 19. What is the units digit of y?
6
Let y = -69 - -153. Suppose -i - y = -87. What is the units digit of i?
3
Suppose 9*x + 4 = 10*x. Suppose -x*k + 152 - 52 = 0. What is the units digit of k?
5
Let i(u) = u**2 - 6*u - 21. Let y be i(-6). Suppose 11*h = 10*h + y. What is the tens digit of h?
5
Let x = 23 + -19. Suppose 5*z - 39 = -x*n, 2*z + 4*n = 2*n + 14. What is the tens digit of z?
1
Suppose 15*d = 13*d + 188. Let u = -77 + d. What is the units digit of u?
7
Suppose -5*l - 2 = c, 4*l + 4 = 3*c - 9. Let a(x) = 8 - 8*x**2 - 1 - 6*x**3 + 2*x + 8*x**c + 0*x. What is the tens digit of a(5)?
6
Let m be 18/12 - 11/(-2). Let f = -8 - -20. Suppose -9*p = -m*p - f. What is the units digit of p?
6
Suppose -3*y + 30 = -30. What is the units digit of ((-44)/y - -1)*-45?
4
Suppose -4*k = 5*t + 1433, 5*k + 717 = 3*k - 3*t. Let j = -115 - k. What is the hundreds digit of j?
2
Let x(s) = 2*s**3 + 14*s**2 - 5*s - 6. What is the units digit of x(-6)?
6
Let o = 409 - 141. Let i = -99 + o. Suppose -3*c + i = -4*q, -4*c + q + 3*q = -224. What is the units digit of c?
5
Let v(w) = -w**3 + 3*w**2 - w + 6. Let u be v(-3). Suppose 87 + u = o. What is the units digit of o?
0
Let m(d) = d**2 + 2*d. Suppose 13 - 1 = -4*a. Let r be m(a). Suppose -4*q + 9*q + 4*y = 173, 5*y = -r*q + 96. What is the units digit of q?
7
Let j be 8/60 + (-6955)/75*-23. Suppose -p = 8*p - j. What is the hundreds digit of p?
2
Suppose 441 = 5*z - 3*r, 4*z + 5*r - 149 = 189. Suppose 0 = -g - 14 + z. What is the units digit of g?
3
Let x be 0/(3 + 0 + -1). Suppose x*j = -j + 4. What is the units digit of 3/j*(-140)/(-7)?
5
Suppose 0 = -0*f - 4*f + 328. Suppose 4*x + 149 = 4*z - x, 0 = 2*z - 4*x - f. What is the units digit of z?
1
Let f(c) = -c**2 - 47*c + 18. What is the hundreds digit of f(-34)?
4
Suppose -3*c = -4*c - 5*l + 12, -3*c + 12 = 3*l. Suppose -c*z + 6 = z. Suppose z*x = h + x - 24, 68 = 3*h - 2*x. What is the units digit of h?
0
Let u = -53 - -53. Let q be 3*1*31 + -1. Suppose -t - q = -4*a + 2*t, u = a - 2*t - 23. What is the tens digit of a?
2
What is the thousands digit of 14/(-105) - (558852/(-45))/7?
1
Let g = -9 + 11. Let s be g/8 + 262/8. Suppose n - 29 = -h - n, -h + s = 4*n. What is the tens digit of h?
2
Let u be (-10)/(-15)*1*(-30)/2. Let i = 48 - u. What is the tens digit of i?
5
Let y(i) = 4*i**3 + 3*i**2 + 27*i + 5. What is the units digit of y(6)?
9
What is the hundreds digit of ((-11472)/(-168))/(4/14)?
2
Suppose 12 + 13 = 5*j. Suppose -j*r + g = -110, -4*r - 5*g - 12 = -100. Suppose -r = -3*q + 11. What is the tens digit of q?
1
Let r = -120 + 108. What is the tens digit of r/(1*(-2 + (-12)/(-9)))?
1
Suppose b = 1 + 4. Let q be (-22)/((-6)/(-15)*b). What is the units digit of 12/(-8) + q/(-2)?
4
Let v(f) = -f**2 - 4*f + 4. Let l be v(-4). Suppose l*t - 7 = 5. Suppose -2*b + w = -44, -t*b - w + 26 = -35. What is the units digit of b?
1
Suppose 0 = -0*z - 3*z + 360. Let g = z + -35. What is the units digit of g?
5
What is the tens digit of 80/60*(-1158)/(-8)?
9
Let j(h) = -h**3 + 6*h**2 - 14*h + 5. Suppose -18 - 12 = -5*d. Let y be j(d). Let x = 129 + y. What is the tens digit of x?
5
Let c be 1*39 + (8 - 5). Let i = -8 - -13. Suppose -5*r - t + 60 = 4*t, c = 3*r + i*t. What is the units digit of r?
9
Let r(i) = -i**3 - i**2 + i. Let w(t) = 4*t**3 + 5*t**2 - 39. Let s(f) = -3*r(f) - w(f). What is the tens digit of s(0)?
3
Let q(r) = -4*r**3 - 4*r**2 - 5*r - 9. Suppose 2*u + 60 = 54. What is the tens digit of q(u)?
7
Let n = 266 - 17. What is the